[INFO] fetching crate rfid-rs 0.2.1...
[INFO] checking rfid-rs-0.2.1 against master#9610dfe5a9a731ced1ea4923ecbd0c57fe367898 for beta-170-4
[INFO] extracting crate rfid-rs 0.2.1 into /workspace/builds/worker-6-tc1/source
[INFO] validating manifest of crates.io crate rfid-rs 0.2.1 on toolchain 9610dfe5a9a731ced1ea4923ecbd0c57fe367898
[INFO] running `Command { std: CARGO_HOME="/workspace/cargo-home" RUSTUP_HOME="/workspace/rustup-home" "/workspace/cargo-home/bin/cargo" "+9610dfe5a9a731ced1ea4923ecbd0c57fe367898" "metadata" "--manifest-path" "Cargo.toml" "--no-deps", kill_on_drop: false }`
[INFO] started tweaking crates.io crate rfid-rs 0.2.1
[INFO] finished tweaking crates.io crate rfid-rs 0.2.1
[INFO] tweaked toml for crates.io crate rfid-rs 0.2.1 written to /workspace/builds/worker-6-tc1/source/Cargo.toml
[INFO] crate crates.io crate rfid-rs 0.2.1 already has a lockfile, it will not be regenerated
[INFO] running `Command { std: CARGO_HOME="/workspace/cargo-home" RUSTUP_HOME="/workspace/rustup-home" "/workspace/cargo-home/bin/cargo" "+9610dfe5a9a731ced1ea4923ecbd0c57fe367898" "fetch" "--manifest-path" "Cargo.toml", kill_on_drop: false }`
[INFO] [stderr]  Downloading crates ...
[INFO] [stderr]   Downloaded linux-embedded-hal v0.3.2
[INFO] running `Command { std: "docker" "create" "-v" "/var/lib/crater-agent-workspace/builds/worker-6-tc1/target:/opt/rustwide/target:rw,Z" "-v" "/var/lib/crater-agent-workspace/builds/worker-6-tc1/source:/opt/rustwide/workdir:ro,Z" "-v" "/var/lib/crater-agent-workspace/cargo-home:/opt/rustwide/cargo-home:ro,Z" "-v" "/var/lib/crater-agent-workspace/rustup-home:/opt/rustwide/rustup-home:ro,Z" "-e" "SOURCE_DIR=/opt/rustwide/workdir" "-e" "CARGO_TARGET_DIR=/opt/rustwide/target" "-e" "CARGO_HOME=/opt/rustwide/cargo-home" "-e" "RUSTUP_HOME=/opt/rustwide/rustup-home" "-w" "/opt/rustwide/workdir" "-m" "1610612736" "--user" "0:0" "--network" "none" "ghcr.io/rust-lang/crates-build-env/linux@sha256:19e73879b68f455e41552ea35293514db52ea292d993f571636dbffedb77a1ee" "/opt/rustwide/cargo-home/bin/cargo" "+9610dfe5a9a731ced1ea4923ecbd0c57fe367898" "metadata" "--no-deps" "--format-version=1", kill_on_drop: false }`
[INFO] [stdout] dcfa781261a3c2d17e7d52cb36640b7d3f5d7fd2d41390a317623541897ab9d3
[INFO] running `Command { std: "docker" "start" "-a" "dcfa781261a3c2d17e7d52cb36640b7d3f5d7fd2d41390a317623541897ab9d3", kill_on_drop: false }`
[INFO] running `Command { std: "docker" "inspect" "dcfa781261a3c2d17e7d52cb36640b7d3f5d7fd2d41390a317623541897ab9d3", kill_on_drop: false }`
[INFO] running `Command { std: "docker" "rm" "-f" "dcfa781261a3c2d17e7d52cb36640b7d3f5d7fd2d41390a317623541897ab9d3", kill_on_drop: false }`
[INFO] [stdout] dcfa781261a3c2d17e7d52cb36640b7d3f5d7fd2d41390a317623541897ab9d3
[INFO] running `Command { std: "docker" "create" "-v" "/var/lib/crater-agent-workspace/builds/worker-6-tc1/target:/opt/rustwide/target:rw,Z" "-v" "/var/lib/crater-agent-workspace/builds/worker-6-tc1/source:/opt/rustwide/workdir:ro,Z" "-v" "/var/lib/crater-agent-workspace/cargo-home:/opt/rustwide/cargo-home:ro,Z" "-v" "/var/lib/crater-agent-workspace/rustup-home:/opt/rustwide/rustup-home:ro,Z" "-e" "SOURCE_DIR=/opt/rustwide/workdir" "-e" "CARGO_TARGET_DIR=/opt/rustwide/target" "-e" "CARGO_INCREMENTAL=0" "-e" "RUST_BACKTRACE=full" "-e" "RUSTFLAGS=--cap-lints=forbid" "-e" "RUSTDOCFLAGS=--cap-lints=forbid" "-e" "CARGO_HOME=/opt/rustwide/cargo-home" "-e" "RUSTUP_HOME=/opt/rustwide/rustup-home" "-w" "/opt/rustwide/workdir" "-m" "1610612736" "--user" "0:0" "--network" "none" "ghcr.io/rust-lang/crates-build-env/linux@sha256:19e73879b68f455e41552ea35293514db52ea292d993f571636dbffedb77a1ee" "/opt/rustwide/cargo-home/bin/cargo" "+9610dfe5a9a731ced1ea4923ecbd0c57fe367898" "check" "--frozen" "--all" "--all-targets" "--message-format=json", kill_on_drop: false }`
[INFO] [stdout] 96b3b623dfdb6fac9a7a4c9600c2718cc0b610209ab52ceaaae7d5c62aa0177a
[INFO] running `Command { std: "docker" "start" "-a" "96b3b623dfdb6fac9a7a4c9600c2718cc0b610209ab52ceaaae7d5c62aa0177a", kill_on_drop: false }`
[INFO] [stderr]    Compiling libc v0.2.119
[INFO] [stderr]     Checking nb v1.0.0
[INFO] [stderr]     Checking void v1.0.2
[INFO] [stderr]     Checking nb v0.1.3
[INFO] [stderr]     Checking embedded-hal v0.2.7
[INFO] [stderr]     Checking rfid-rs v0.2.1 (/opt/rustwide/workdir)
[INFO] [stdout] warning: constant `MIFARE_ACK` is never used
[INFO] [stdout]    --> src/lib.rs:197:7
[INFO] [stdout]     |
[INFO] [stdout] 197 | const MIFARE_ACK: u8 = 0xA;
[INFO] [stdout]     |       ^^^^^^^^^^
[INFO] [stdout]     |
[INFO] [stdout]     = note: `#[warn(dead_code)]` on by default
[INFO] [stdout] 
[INFO] [stdout] 
[INFO] [stdout] warning: method `get_type` is never used
[INFO] [stdout]   --> src/picc.rs:98:12
[INFO] [stdout]    |
[INFO] [stdout] 97 | impl Sak {
[INFO] [stdout]    | -------- method in this implementation
[INFO] [stdout] 98 |     pub fn get_type(&self) -> Type {
[INFO] [stdout]    |            ^^^^^^^^
[INFO] [stdout] 
[INFO] [stdout] 
[INFO] [stdout] warning: unused `Result` that must be used
[INFO] [stdout]    --> src/lib.rs:716:9
[INFO] [stdout]     |
[INFO] [stdout] 716 |         self.nss.set_low();
[INFO] [stdout]     |         ^^^^^^^^^^^^^^^^^^
[INFO] [stdout]     |
[INFO] [stdout]     = note: this `Result` may be an `Err` variant, which should be handled
[INFO] [stdout]     = note: `#[warn(unused_must_use)]` on by default
[INFO] [stdout] help: use `let _ = ...` to ignore the resulting value
[INFO] [stdout]     |
[INFO] [stdout] 716 |         let _ = self.nss.set_low();
[INFO] [stdout]     |         +++++++
[INFO] [stdout] 
[INFO] [stdout] 
[INFO] [stdout] warning: unused `Result` that must be used
[INFO] [stdout]    --> src/lib.rs:718:9
[INFO] [stdout]     |
[INFO] [stdout] 718 |         self.nss.set_high();
[INFO] [stdout]     |         ^^^^^^^^^^^^^^^^^^^
[INFO] [stdout]     |
[INFO] [stdout]     = note: this `Result` may be an `Err` variant, which should be handled
[INFO] [stdout] help: use `let _ = ...` to ignore the resulting value
[INFO] [stdout]     |
[INFO] [stdout] 718 |         let _ = self.nss.set_high();
[INFO] [stdout]     |         +++++++
[INFO] [stdout] 
[INFO] [stdout] 
[INFO] [stdout] warning: 4 warnings emitted
[INFO] [stdout] 
[INFO] [stdout] 
[INFO] [stderr]     Checking nix v0.23.1
[INFO] [stderr]     Checking ioctl-rs v0.1.6
[INFO] [stderr]     Checking serial-core v0.4.0
[INFO] [stderr]     Checking termios v0.2.2
[INFO] [stderr]     Checking serial-unix v0.4.0
[INFO] [stderr]     Checking i2cdev v0.5.1
[INFO] [stderr]     Checking spidev v0.5.1
[INFO] [stderr]     Checking gpio-cdev v0.5.1
[INFO] [stderr]     Checking sysfs_gpio v0.6.1
[INFO] [stderr]     Checking linux-embedded-hal v0.3.2
[INFO] [stdout] error[E0425]: cannot find value `SPI_MODE_0` in crate `hal::spidev`
[INFO] [stdout]   --> examples/rpi.rs:57:28
[INFO] [stdout]    |
[INFO] [stdout] 57 |         .mode(hal::spidev::SPI_MODE_0)
[INFO] [stdout]    |                            ^^^^^^^^^^ not found in `hal::spidev`
[INFO] [stdout] 
[INFO] [stdout] 
[INFO] [stdout] error[E0277]: `Uid` doesn't implement `Debug`
[INFO] [stdout]   --> examples/rpi.rs:82:39
[INFO] [stdout]    |
[INFO] [stdout] 82 |                 println!("UID: {:?}", uid);
[INFO] [stdout]    |                                       ^^^ `Uid` cannot be formatted using `{:?}` because it doesn't implement `Debug`
[INFO] [stdout]    |
[INFO] [stdout]    = help: the trait `Debug` is not implemented for `Uid`
[INFO] [stdout]    = note: this error originates in the macro `$crate::format_args_nl` which comes from the expansion of the macro `println` (in Nightly builds, run with -Z macro-backtrace for more info)
[INFO] [stdout] 
[INFO] [stdout] 
[INFO] [stdout] error[E0599]: no method named `bytes` found for enum `Uid` in the current scope
[INFO] [stdout]   --> examples/rpi.rs:84:24
[INFO] [stdout]    |
[INFO] [stdout] 84 |                 if uid.bytes() == &CARD_UID {
[INFO] [stdout]    |                        ^^^^^ help: there is a method with a similar name: `as_bytes`
[INFO] [stdout] 
[INFO] [stdout] 
[INFO] [stdout] error[E0599]: no method named `bytes` found for enum `Uid` in the current scope
[INFO] [stdout]   --> examples/rpi.rs:87:31
[INFO] [stdout]    |
[INFO] [stdout] 87 |                 } else if uid.bytes() == &TAG_UID {
[INFO] [stdout]    |                               ^^^^^ help: there is a method with a similar name: `as_bytes`
[INFO] [stdout] 
[INFO] [stdout] 
[INFO] [stdout] error: aborting due to 4 previous errors
[INFO] [stdout] 
[INFO] [stdout] 
[INFO] [stdout] Some errors have detailed explanations: E0277, E0425, E0599.
[INFO] [stdout] 
[INFO] [stdout] For more information about an error, try `rustc --explain E0277`.
[INFO] [stdout] 
[INFO] [stderr] error: could not compile `rfid-rs` (example "rpi") due to 5 previous errors
[INFO] [stderr] warning: build failed, waiting for other jobs to finish...
[INFO] [stdout] warning: constant `MIFARE_ACK` is never used
[INFO] [stdout]    --> src/lib.rs:197:7
[INFO] [stdout]     |
[INFO] [stdout] 197 | const MIFARE_ACK: u8 = 0xA;
[INFO] [stdout]     |       ^^^^^^^^^^
[INFO] [stdout]     |
[INFO] [stdout]     = note: `#[warn(dead_code)]` on by default
[INFO] [stdout] 
[INFO] [stdout] 
[INFO] [stdout] warning: method `get_type` is never used
[INFO] [stdout]   --> src/picc.rs:98:12
[INFO] [stdout]    |
[INFO] [stdout] 97 | impl Sak {
[INFO] [stdout]    | -------- method in this implementation
[INFO] [stdout] 98 |     pub fn get_type(&self) -> Type {
[INFO] [stdout]    |            ^^^^^^^^
[INFO] [stdout] 
[INFO] [stdout] 
[INFO] [stdout] warning: unused `Result` that must be used
[INFO] [stdout]    --> src/lib.rs:716:9
[INFO] [stdout]     |
[INFO] [stdout] 716 |         self.nss.set_low();
[INFO] [stdout]     |         ^^^^^^^^^^^^^^^^^^
[INFO] [stdout]     |
[INFO] [stdout]     = note: this `Result` may be an `Err` variant, which should be handled
[INFO] [stdout]     = note: `#[warn(unused_must_use)]` on by default
[INFO] [stdout] help: use `let _ = ...` to ignore the resulting value
[INFO] [stdout]     |
[INFO] [stdout] 716 |         let _ = self.nss.set_low();
[INFO] [stdout]     |         +++++++
[INFO] [stdout] 
[INFO] [stdout] 
[INFO] [stdout] warning: unused `Result` that must be used
[INFO] [stdout]    --> src/lib.rs:718:9
[INFO] [stdout]     |
[INFO] [stdout] 718 |         self.nss.set_high();
[INFO] [stdout]     |         ^^^^^^^^^^^^^^^^^^^
[INFO] [stdout]     |
[INFO] [stdout]     = note: this `Result` may be an `Err` variant, which should be handled
[INFO] [stdout] help: use `let _ = ...` to ignore the resulting value
[INFO] [stdout]     |
[INFO] [stdout] 718 |         let _ = self.nss.set_high();
[INFO] [stdout]     |         +++++++
[INFO] [stdout] 
[INFO] [stdout] 
[INFO] [stdout] warning: 4 warnings emitted
[INFO] [stdout] 
[INFO] [stdout] 
[INFO] running `Command { std: "docker" "inspect" "96b3b623dfdb6fac9a7a4c9600c2718cc0b610209ab52ceaaae7d5c62aa0177a", kill_on_drop: false }`
[INFO] running `Command { std: "docker" "rm" "-f" "96b3b623dfdb6fac9a7a4c9600c2718cc0b610209ab52ceaaae7d5c62aa0177a", kill_on_drop: false }`
[INFO] [stdout] 96b3b623dfdb6fac9a7a4c9600c2718cc0b610209ab52ceaaae7d5c62aa0177a
